-6)/9. Let o be f/(-7) - 3*2/(-21). What is the highest common divisor of v and o?
27
Suppose -5*w = 5*a - w - 10, 2*w - 4 = -2*a. Suppose -3*n = -2*p - 69, a*p = n - 2*p - 13. Let g = -209 - -409. What is the highest common factor of n and g?
25
Suppose -b - 4*b = -10. Suppose 4*m - 19*m + 420 = 0. Suppose m*j = 24*j + 4. Calculate the highest common factor of j and b.
1
Let x be 222/36*(13 - (4 + -3)). Calculate the greatest common divisor of 296 and x.
74
Let j(t) be the third derivative of -1/6*t**3 + 0 + 0*t - 5*t**2 - 1/6*t**4. Let z be j(-3). What is the greatest common factor of z and 22?
11
Suppose 2*x - 10 = -4. What is the highest common divisor of x and 111?
3
Let m be ((-7)/((-189)/2664))/(12/18). Calculate the greatest common factor of m and 5476.
148
Let c(a) = a**2 + a + 3. Let j be c(-3). Let s(q) = -16*q - q**2 + 6*q + j*q + 20. Let v be s(0). What is the greatest common factor of 30 and v?
10
Suppose 25 = 7*o - 2*o, -3*b = 2*o - 1900. Calculate the highest common factor of b and 20.
10
Let x(o) = -38*o**2 - o + 4. Let u be x(2). Let k = 192 - u. Suppose 3*v - k = 219. What is the highest common factor of v and 17?
17
Let c = -94 - -172. Suppose 5*r = 0, -2*w + 4*w - 3*r = c. Calculate the highest common divisor of w and 390.
39
Suppose 0 = -2*k + k. Let g be (8 - (k + 4)) + 326. Calculate the greatest common divisor of 30 and g.
30
Let r = -20 - -48. Let c = 1323 - 1281. What is the greatest common divisor of r and c?
14
Suppose -6*t + 2*t + 1452 = 4*l, -3*t + 724 = 2*l. What is the greatest common factor of l and 146?
73
Let f(g) = -g + 1. Let j be f(-2). Suppose -60 - j = -3*b. Let z be b/15 + 9/15. Calculate the highest common factor of 3 and z.
1
Let u be (510 - 1) + (-3 - 0). Suppose -2*l - 4*g + 524 = 0, -l + 2*g = l - u. Suppose -5*c = -l - 129. Calculate the highest common divisor of c and 11.
11
Let s = -481 + 72. Let g = s + 728. Let b = -13 + 42. Calculate the highest common divisor of b and g.
29
Let y = 50 + -42. Let f(x) = -7*x**3 + 2*x**2 + 3*x + 2. Let l be f(-1). What is the highest common factor of y and l?
8
Suppose -13*x + 18*x = 195. Suppose 4*b - x = 5*n, -n + 0*n + 21 = 4*b. What is the highest common factor of b and 6?
6
Let a = 17 + -13. Let q be a + 91 + (-9)/(-3). Let c(l) = 2*l**2 - 2*l + 2. Let b be c(3). What is the highest common divisor of b and q?
14
Let c = 1 - 1. Suppose 3*j - 792 = -c*j. Let a be 25 + (-5 - -2 - -2). Calculate the highest common divisor of a and j.
24
Let n = 274 - 85. Let k = n + -91. Let y be ((2 - -2) + -32)/(-2). Calculate the highest common divisor of k and y.
14
Let c(s) = -s - 4. Let o be c(-16). Let u be ((-784)/o)/(1/(-6)). Let h be (2/(-4))/((-2)/u). What is the highest common divisor of h and 14?
14
Suppose 2*x + 42 = -12. Let z be (-12)/54 - 33/x. Let q = -21 - -22. Calculate the highest common factor of q and z.
1
Let x be (243 - -1) + 34 + -38. Calculate the greatest common divisor of 30 and x.
30
Suppose -3*r - 85 = w - 185, 0 = 3*r. What is the greatest common divisor of 36 and w?
4
Suppose -4*p - 217 = -997. Suppose -14*l + 17*l - p = 0. What is the highest common factor of l and 13?
13
Let y = -4 - -57. Suppose 2*g + 21 = y. Calculate the greatest common factor of 24 and g.
8
Let y = 60 - 100. Let w be 4/(-8)*2*y. Calculate the greatest common divisor of 100 and w.
20
Suppose -j + 30 = -s, -9 = s - 6. What is the highest common divisor of 1 and j?
1
Let y = -34 + 50. Let c(r) = r**3 + r**2 - r - 2. Let x be c(-2). Let l be (-140)/(-16) - (-3)/x. Calculate the greatest common divisor of y and l.
8
Let v be ((-19)/((-570)/72))/((-8)/(-30)). Suppose 2*o - 72 = -0*o. What is the greatest common divisor of v and o?
9
Let p = 128 + -43. Suppose 5*r - 115 = 3*a, -5*r - 3*a = -0*a - p. What is the greatest common factor of r and 80?
20
Suppose 3*s + t - 7 = 0, 4 = 3*s + 5*t - 7. Suppose 2*j - 5*m - 43 = 0, -s*m - 25 = -j - 3*m. Calculate the greatest common factor of j and 3.
3
Let n be 2*(39/(-6))/(-1). Suppose 3*m - n = -7. Suppose 0 = -2*v + 2*f - 0*f + 82, 3*v - 128 = -m*f. Calculate the highest common factor of v and 6.
6
Let u(l) = 2*l**3 - 3*l**2 + 2*l - 2. Let d be u(2). Let v(f) = 19*f**2 - 811*f - 812. Let c be v(-1). Calculate the highest common factor of d and c.
6
Suppose -4*r + 2*q = r - 50, -5*r + 50 = 3*q. Suppose r*w - 42 = 7*w. Calculate the highest common divisor of 14 and w.
14
Suppose -3*y + 436 = -4*p - 118, 3*y - 5*p - 556 = 0. What is the highest common divisor of 28 and y?
14
Suppose -5*g = -15, -3*d + g - 5*g = -552. Calculate the highest common factor of d and 20.
20
Let l = -17 - -25. Suppose 42 + l = 5*d. Let b be (-1)/3 + 662/6. Calculate the highest common factor of b and d.
10
Let i be 336/10 - 30/(-75). Calculate the highest common factor of 544 and i.
34
Suppose 0 = -3*o - 2*b + 35, -14 = 4*o - b - 79. Suppose 6*j = 75 + o. Calculate the greatest common divisor of 165 and j.
15
Let n be 6/(2 - 5) + (-11224)/(-61). What is the highest common factor of n and 78?
26
Let b(w) = w**2 - 6*w - 49. Let f be b(11). What is the highest common factor of 120 and f?
6
Let z(s) = 3*s + 4. Let c be z(-2). Let n be 43 + 16/4 + c. Suppose 5*v + 115 - 45 = 2*k, -3*k = -4*v - 98. Calculate the greatest common divisor of k and n.
15
Let w(d) = 3*d**2 - 9*d. Let b be w(7). Let z = 94 + -66. Calculate the highest common divisor of b and z.
28
Let r = -55 + -45. Let d = r + 111. What is the highest common divisor of d and 297?
11
Let s(m) = 2*m**2 + 3*m - 11. Let l be s(2). Suppose l*p = 4*p + 4*d - 194, d - 1 = 0. What is the greatest common factor of 76 and p?
38
Let j be (-2)/7*7/(-6)*6. What is the greatest common divisor of j and 63?
1
Suppose -6*t + 4*g - 14 = -3*t, 3*t = -5*g + 31. Suppose 5*r + 4*c = 3*c + 328, -t*r + 128 = 2*c. Calculate the greatest common factor of r and 22.
22
Let y = -34 - -91. Let n = 65 - y. What is the highest common factor of n and 4?
4
Let z(c) = c**2 + 7*c - 8. Let s be z(-8). Suppose -98 = -s*i - i. Calculate the greatest common factor of i and 14.
14
Let f(b) = 7*b**2 - 2*b - 4. Let d be 1/((-12)/(-8) + -2). Let q be f(d). What is the highest common factor of 70 and q?
14
Suppose -4*b + 5*j = b - 40, -2*b = 4*j - 46. Suppose 0 = -b*s + 8*s + 675. Let l be 5/((-2)/(-12)*2). Calculate the greatest common divisor of s and l.
15
Let h be (72/(-5))/(6/(-40)). Let p = -68 + h. Let k = 272 + -265. What is the highest common divisor of p and k?
7
Let l = 1 - -3. Suppose -l*j + 32 + 32 = 0. Suppose 270 = 6*b - 594. Calculate the greatest common divisor of b and j.
16
Let r = -42 - -47. Suppose -3*h - 93 = -3*y, -r*y + 134 = h + h. Calculate the greatest common factor of 70 and y.
14
Let j = 18 + 86. Let h be (-3)/(-9) + (-151)/3. Let s = -24 - h. What is the greatest common factor of s and j?
26
Let z be 45/6 + (-40)/16. Suppose -5*f + 8*d + 163 = 4*d, 5*f - 169 = 2*d. Calculate the greatest common divisor of z and f.
5
Let n be (-18)/4*-1*246. Suppose n = 4*v - 125. What is the highest common divisor of v and 28?
28
Let v(u) = -u**3 - u + 54. Let n be v(0). Let r = 15 - 16. Let b(q) = -35*q**3 + q**2 + q + 1. Let a be b(r). Calculate the greatest common divisor of a and n.
18
Suppose -35 = -7*f + 63. Suppose 546 = -f*q + 17*q. Calculate the greatest common divisor of q and 14.
14
Let w = -1282 - -1570. What is the greatest common divisor of 36 and w?
36
Suppose 2*k = 2*c - 3*c + 32, 0 = 5*c - 2*k - 100. What is the highest common factor of 22 and c?
22
Suppose 0 = 2*b - 2*s + 16 - 60, -b + 22 = -3*s. Let d = 26 - b. Suppose 4 = -4*c - d*i, i = 4*c - 0*c - 11. What is the greatest common divisor of c and 8?
2
Let r = 195 + -80. Suppose -47 = -3*y - 50, -3*y = j - 43. Calculate the highest common divisor of r and j.
23
Suppose 27 = 3*i + 4*l, -4*l + 53 = 5*i - 0*l. Calculate the highest common divisor of i and 377.
13
Let u(y) = y**2 - 69. Let a be u(-13). Calculate the greatest common factor of 40 and a.
20
Suppose 0 = 5*p + 4*h - 20, p - 2*p + 4 = 5*h. Suppose -56 = -p*j + 3*k, -5*k + 7 - 38 = -3*j. Let l = 18 - j. What is the highest common divisor of l and 1?
1
Suppose -49 = -k - 18. Calculate the greatest common divisor of k and 93.
31
Let u be 6/(-4)*132/(-18). Let n(y) = 4 - 8*y + 0 - y**2 - 8. Let a be n(-5). Wh